t is the units digit of h(-4)?
3
Suppose 2*z + 12 = a, -2*a - a + 2*z + 28 = 0. Let c = a - -29. What is the units digit of c?
7
Let j be 2/10 - 110/50. What is the units digit of 43 + (3 - 10 - j) + 3?
1
Let d(h) = -h + 19. Let r = 41 + -47. What is the units digit of d(r)?
5
Suppose 5*u + 2*b = 1422, 4*u - 1836 + 708 = -4*b. What is the units digit of u?
6
Suppose o - 4 + 2 = 0. Suppose 4*s - y = -32, 0*y - o*y = 0. What is the units digit of 88/10 - s/40?
9
Let f(a) = 22*a**2 - 34*a + 244. What is the thousands digit of f(11)?
2
Let g(m) = 2*m**3 + m**2 + 2*m - 50. What is the thousands digit of g(11)?
2
Let c(h) = 78*h**3 + 1 - 7*h + 7*h. Suppose 5*i - 2 + 8 = r, 4*r = -4*i. What is the tens digit of c(r)?
7
What is the hundreds digit of (-21687)/(-12) - 26/104?
8
Suppose 10*b - 2*b = -200. Let s(v) = -v**2 - 34*v - 29. What is the hundreds digit of s(b)?
1
Let z = 0 - -21. Let n = z + 13. What is the units digit of n?
4
Let y = 6 - 2. Suppose y = a + 1. Suppose 2*s + s - 30 = -a*b, -b = 3*s - 8. What is the tens digit of b?
1
Suppose 30 = -4*r - 2*l, -2*r + 0*l = -l + 9. Let k be (r/4)/((-2)/16). Suppose k = 2*y - 30. What is the units digit of y?
1
Let z(a) = -4*a - 3. Let j = -22 - -20. Let o be z(j). Suppose -o*k + 12 + 8 = 0. What is the units digit of k?
4
Suppose -2*c - 2*u + 20 = -0*c, -c + 4*u = -20. Let r = 12 - c. Suppose r = p + 2, 3*v + p = 3*p + 76. What is the tens digit of v?
2
Let m(h) = 264*h**2 - 92*h + 272. What is the thousands digit of m(3)?
2
Let n(u) = 15*u + 7. Let o be (4/6)/((-34)/(-153)). What is the units digit of n(o)?
2
Let y(a) = -a**3 - 5*a**2 - 3*a + 2. Let g(q) = 5*q - 6. Let u be g(5). Suppose -4*c = u + 1. What is the tens digit of y(c)?
1
Let d(w) = 169*w - 5. Let h be d(1). Suppose -2*r = 3*s - 306, 0 = s - r + 62 - h. What is the units digit of s?
2
Suppose 2325 = 2*l + 3*y, 82*l - 3477 = 79*l - y. What is the units digit of l?
8
Let g = 56 + -12. What is the units digit of g?
4
Suppose 12*p + 24 = 24. Suppose 0 = -4*k + d - 6*d + 277, p = 5*k - 2*d - 338. What is the tens digit of k?
6
Let l(u) be the first derivative of -6*u**2 + 12*u - 9. What is the tens digit of l(-8)?
0
Let k(s) = -s**2 - 5*s + 9. Let q(u) = u**2 + 4*u - 10. Let l(z) = -5*k(z) - 4*q(z). What is the tens digit of l(4)?
4
What is the hundreds digit of (7/(-14))/((-5)/(13660/2))?
6
Suppose -f + k = -35, 2*f + 2*f - 3*k = 135. What is the units digit of f?
0
Let q(u) = 5*u**2 + 9*u + 20. What is the units digit of q(-10)?
0
Let w be ((-6)/12)/((-2)/12). Suppose -2*n = 4*x - 260, -x + n + 71 = w*n. What is the tens digit of ((-4)/6)/((-3)/x)?
1
Let k(f) = -f**3 + 2*f**2 + 8*f + 7. What is the hundreds digit of k(-5)?
1
Let j = -32 - -71. What is the tens digit of (-2440)/(-26) - (-6)/j?
9
What is the units digit of 97/(2/(-9)*26/(-52))?
3
Suppose 0 = -4*r - 3*c + 45, -2*c + c = -4*r + 65. Suppose 2*d - 6*d - z = -r, -30 = -3*d + 3*z. Suppose -d*i + 422 = 132. What is the tens digit of i?
5
Let i(j) = -j**3 + 11*j**2 - 2*j - 5. Let r be i(10). Suppose 6*c + r = 429. What is the units digit of c?
9
What is the tens digit of (-5 - -4)*5 - -3129?
2
Let h = 544 + 147. What is the units digit of h?
1
Let a(y) = 2*y**3 + 4*y**3 - 9*y**2 - 8 - y - 4*y**3 - y**3. Let w be a(9). Let v = w - -27. What is the tens digit of v?
1
Suppose -17 - 3 = 4*l. Suppose -80 = 5*v - 2*a, -29 = 5*v - 2*v - 5*a. Let u = l - v. What is the units digit of u?
3
Let v(d) = 180*d**2 + 55*d - 216. What is the hundreds digit of v(4)?
8
Let f(z) = -12*z - 15. Let v be f(-10). Suppose 0*o + v = o. What is the units digit of o?
5
Suppose 7*q - 4*q = 12. Suppose -f = 2*l - 4, -5*l + 9 = q*f - f. Suppose 34 = 2*r - l*a + a, 0 = -a - 2. What is the units digit of r?
5
What is the hundreds digit of (252/(-90))/((-2)/430)?
6
Let x(a) = 3*a**2 - a. Let w(u) = -u + 11. Let g be w(8). Suppose g*m - 3 = -0*m. What is the units digit of x(m)?
2
What is the units digit of -7*(-41 - 15/(-5))?
6
Let w(i) = -3*i + 1. Let z be w(-1). Let x(d) = 7*d**2 + 4. What is the tens digit of x(z)?
1
Suppose -43*o + 339 = -40*o. What is the units digit of o?
3
Suppose 0 = -25*w + 26*w - 210. Suppose 5*n - 575 = w. What is the hundreds digit of n?
1
Suppose 2*t = 7*t - 5*o - 55, -2*t - 3*o + 47 = 0. What is the tens digit of t?
1
Let q(b) = -9*b**2 + 8*b - 5. Let h(t) = 5*t**2 - 4*t + 3. Let c(m) = -11*h(m) - 6*q(m). Let n be c(-3). What is the units digit of 14 - (n - 12/(-4))?
1
Let m be -7 - (-2 + (-2)/(-2)). Let b be (3/(-4))/(5/(-20)). What is the tens digit of (-53 - -1)*b/m?
2
Let c be 5/((-25)/(-15)) - (1 - -2). Suppose 18*j - 19*j + 100 = c. What is the tens digit of j?
0
Let d(m) = -m - 16. Let k(i) = i**2 + 7*i. Let h be k(-5). Let s be d(h). What is the tens digit of -2*1/(s/129)?
4
Let s(p) = p + 4. Let m be s(-3). Let t be (6 + 28)*(m - -1). What is the units digit of (t/10)/(30/75)?
7
Let k(z) = -z**2 - 3. Suppose d - 3 = 0, -2*o + 2*d - 15 = -3*d. Let w be k(o). What is the units digit of (74/8)/(w/(-12))?
7
Suppose 0 = 2*s - 5*u - 779, -4*u = 2*s - 3*u - 749. Let i = s + -231. What is the units digit of i?
6
Let c(f) = -3*f**3 + 10*f**2 + 2*f - 11. Let p(i) = -13*i**3 + 41*i**2 + 9*i - 43. Let a(q) = 9*c(q) - 2*p(q). What is the tens digit of a(6)?
5
Let s = 230 - -106. What is the units digit of s?
6
Suppose 2*f + 12 = -2*w, 2*f = -3*w - 0*f - 13. What is the tens digit of 21 + ((-3)/w)/3?
2
Let k(x) = 5*x**2 + 2*x - 3. Suppose -3*o = 11 - 8. Let u be 2 + o - (0 - 1). What is the units digit of k(u)?
1
Let t be ((-160)/(-12))/(19/9 + -2). Suppose -b + 32 + t = 0. What is the tens digit of b?
5
Let i(s) = 2*s**2 + 7*s + 7. Let n be i(-3). Suppose -m = 4*m + 3*c - 825, n*m = 5*c + 660. What is the tens digit of m?
6
Let b be (-32 + 36)*(-19)/(-4). Let z = 31 - b. What is the units digit of z?
2
Suppose -15 + 0 = -5*r, 2*b - r = 27. Let u = -4 + b. Suppose -5*t - u = -2*a + a, -a - 4*t + 20 = 0. What is the tens digit of a?
1
Let g be 160/5 - (-4 + 0). Suppose -4*z = -z - g. What is the units digit of z?
2
Let b be (7/((-63)/(-12)))/((-2)/6). What is the tens digit of b + 37 + (-2 - -2)?
3
Suppose 0 = m + 2 - 6. Suppose 2*a = -3*u + 137, 0 = m*a - 7*u + 4*u - 247. What is the tens digit of a?
6
Let i(z) = z**2 - 2. Let n be i(-7). Let u = 109 - n. Let s = u + -13. What is the units digit of s?
9
Suppose 5*h = h + 28. What is the tens digit of 1/h - (-6292)/154?
4
Let n = -344 + 818. What is the hundreds digit of n?
4
Suppose -182 = -2*u + b + 117, 5*u + 3*b - 742 = 0. What is the hundreds digit of u?
1
Suppose -b - 2*l + 2 = 0, 0*b - 2 = -b + 2*l. Suppose 2*g = -5*h - b, -h + 3*h = g - 8. What is the units digit of 2 + (g/(-4) - -38)?
9
What is the units digit of (10 - 3)/(0 - (-2)/30)?
5
Suppose 0 = 12*p - 11*p - 31. What is the tens digit of -2 + (p - 3) - -3?
2
Let j = 584 - 426. What is the units digit of j?
8
Let n be (-7)/7*(9/(-3) + 3). Suppose n = 13*w - 1384 - 215. What is the units digit of w?
3
What is the units digit of 1744/2 + 2 + 0/11?
4
What is the units digit of 9 - 4 - (-696)/2?
3
Suppose -1344*r = -1358*r + 57848. What is the tens digit of r?
3
Suppose -12*d + 8186 + 2446 = 0. What is the hundreds digit of d?
8
Let h(z) be the second derivative of z**3/3 - 19*z**2/2 + 5*z. Suppose 3*x - 45 = -0*x. What is the tens digit of h(x)?
1
Let j be 2/(3 + 25/(-10)). Suppose -j*m = 4*t + 5 - 33, 0 = -4*m + 5*t + 37. What is the units digit of m?
8
Suppose 5*x - 5*t + 41 - 326 = 0, -3*x + 178 = 4*t. What is the tens digit of x?
5
Let c = -2439 + 1571. Let o be 15/6*c/(-35). Suppose -3*v = -4*v + o. What is the tens digit of v?
6
Let y(b) = 19*b**3 - 9*b**2 - 3*b - 5. Let s be y(-3). Let w = -398 - s. What is the units digit of w?
2
Let b(v) = 2*v**3 + 20*v**2 - 2*v - 2. What is the units digit of b(-9)?
8
Let x(p) = -17*p + 5. Let v(a) = a - 1. Let t(c) = -5*v(c) - x(c). Let f be t(-2). What is the units digit of 7 - 5 - (-2 + f)?
8
Let g = -296 - -1298. What is the units digit of g?
2
Suppose -2*a = 17*a - 2584. What is the tens digit of a?
3
Let c(f) = f + 4. Let n be c(-2). Suppose 2*l + 4 = 0, -n*g + g - 5*l = 6. Suppose -g*j = -65 - 3. What is the tens digit of j?
1
Suppose -2*b = -b - 2, -5*v = -5*b - 1195. Suppose 4*q - v - 211 = 0. What is the tens digit of q?